Let f be ((-27)/(-12))/(r/32). Suppose 2*v = f + 26. What is the units digit of v?
9
Suppose -z = -4*w + 19990, -13*z = -w - 12*z + 4999. What is the tens digit of w?
9
Suppose 4*p - 417 = 1247. What is the tens digit of p?
1
Let m(q) = -4085*q**3 + q**2 - 31*q - 31. What is the tens digit of m(-1)?
8
Let i(a) be the first derivative of -3*a**4/4 + 7*a**3/3 + 3*a**2 - 4. Let x be i(-4). What is the units digit of ((-9)/6)/((-15)/x)?
8
Suppose d - 3*d - 2 = 0. What is the tens digit of ((-90)/(-7 - d))/(6/28)?
7
Let k be 285/24 + (-4)/(-32). Suppose -r - 2 = 4. Let z = k + r. What is the units digit of z?
6
Suppose 12*q - 646 - 2678 = 0. What is the hundreds digit of q?
2
Let i = -880 - -4027. What is the units digit of i?
7
Suppose 8*v = 11*v - 4629. What is the hundreds digit of v?
5
Suppose -c + 3*c = 10. Suppose c*s - 1 = 14. What is the units digit of (s/6)/((-4)/(-520))?
5
Let z(u) = -28*u + 7. Let k(w) = 14*w - 4. Let l(j) = -10*k(j) - 6*z(j). Let b be l(1). What is the tens digit of (7 - 11)/((-4)/b)?
2
Let w = -49 - -59. Suppose w*m = 3*m + 280. What is the units digit of m?
0
Let k(i) = i**2 - 11*i - 30. Let c be k(11). Let n(m) = -m**3 - 9*m**2 - 9*m. Let s be n(-6). Let b = c - s. What is the tens digit of b?
2
Let b(k) = -2*k**3 - 6*k**2 - 8*k - 7. Let o(m) = -m**3 + 20*m**2 + 20*m + 17. Let y be o(21). What is the tens digit of b(y)?
5
Let b(c) = 2*c**2 + 9*c + 4. Suppose -t + 4*y - 15 = 0, 2*y = -6*t + t - 31. What is the tens digit of b(t)?
3
Let z be -2 - ((2 - -1) + -9). Suppose z*c - 158 = 18. What is the units digit of c?
4
Let o(p) = -p**3 - 4*p**2 - p + 3. Let d be o(-3). What is the tens digit of 11/1 - d - (-8)/(-2)?
1
Suppose 10318 = 19*i - 4426. What is the tens digit of i?
7
Let n(c) = -19*c - 29. What is the hundreds digit of n(-16)?
2
Suppose h + g - 343 = 0, 14*g - 15*g - 347 = -h. What is the hundreds digit of h?
3
Let j(l) = 4*l**3 - 7*l**2 + 9*l - 4. Let a be j(4). Suppose -2*o = 34 - a. What is the units digit of o?
1
Suppose 5*x - 368 = x. Suppose x + 153 = 5*b. What is the units digit of b?
9
Let y(v) = -22*v**3 - v**2 + v + 1. Let s = 16 - 17. Let j be y(s). Let a = j - 15. What is the units digit of a?
6
Suppose 0*x - w - 187 = -4*x, 92 = 2*x - 2*w. Let f = -38 + x. What is the units digit of f?
9
Let g(z) = -z**2 + 10*z + 15. Let i be g(11). Suppose -i*s = -156 - 368. What is the tens digit of s?
3
Let x = 5445 + -3655. What is the tens digit of x?
9
What is the hundreds digit of (-222)/9*(-51)/2?
6
Let o = -388 - -656. What is the tens digit of o?
6
Let c = 1 - -23. What is the units digit of 8/6*c/4?
8
Let f be ((-5)/(-10))/((-2)/(-4)). Suppose 3*q + 8 = 4*m, -5*q = m - 3 + f. Suppose -5*w - 2*j + 42 = 0, -m*j - 3 = w - 13. What is the units digit of w?
8
Let h(w) = -2*w - 5. Suppose -j = -3*s - 9, -5*s - 19 = -s + j. What is the units digit of h(s)?
3
Suppose 0*h - 8*h + 3984 = 0. What is the tens digit of h?
9
Let z = 516 + -481. What is the units digit of z?
5
Let b = 91 - 166. Let u = -31 - b. What is the tens digit of u?
4
Let h(n) = n**3 - 12*n**2 + 15*n - 115. What is the hundreds digit of h(16)?
1
Let q(h) be the second derivative of -16*h**3/3 - 5*h**2 - 3*h. What is the units digit of q(-3)?
6
What is the thousands digit of (-20 - 1253/(-63)) + 39278/18?
2
Let j = 21 - 18. Suppose -2*i = -6, 0 = j*x + 3*i - 0*i - 201. What is the tens digit of x?
6
Let c = 1867 - -3276. What is the tens digit of c?
4
Let l(n) be the third derivative of 13*n**5/60 - n**4/24 - 17*n**3/6 + 22*n**2. What is the hundreds digit of l(4)?
1
Let l(p) = -p**3 - 5*p**2 + 5*p - 14. Let z be l(-6). Let y be z/36 + 110/9. Suppose -3*o + 5 = 5*k - 13, 4*k + 3*o - y = 0. What is the units digit of k?
6
Let y be (1 + 0 + -3 + 1)*0. Let u(t) = t**2 + 114. What is the hundreds digit of u(y)?
1
Suppose 5*c + 3*p = 24927, 6 = -3*p + 3. What is the tens digit of c?
8
Suppose 7*l - 4*l = 21. Suppose -5*t + 3*m + 111 = 0, t - l*m - 29 = -3*m. What is the tens digit of t?
2
Suppose -3*o = -12, 251 - 4081 = -2*r - 4*o. What is the hundreds digit of r?
9
Suppose 4*d = -4*s - 0*d - 16, 3*d = 5*s - 12. Suppose 2*c = -5*n - 8 - 74, s = 5*c - 20. What is the tens digit of 9/n + 202/4?
5
Suppose 4*s + 13 = -3*t, 13 - 40 = s - 4*t. Let z = 64 + s. What is the units digit of z?
7
Suppose -166*m - 2268 = -180*m. What is the units digit of m?
2
Suppose 2*r = 158 + 198. Suppose 5*f - r = 22. What is the units digit of f?
0
What is the tens digit of -2*((-8)/12)/((-8)/(-3306))?
5
Suppose 0 = -6*z + 15657 - 5163. What is the tens digit of z?
4
Let p(r) = 2*r**2 + 8*r + 15. Let a(o) = -o**2 - 2*o + 5. Let m be a(-4). What is the units digit of p(m)?
9
What is the units digit of 571 - (0 + 2 - 6)?
5
Suppose 0*y + 13*y - 1001 = 0. What is the units digit of y?
7
Let k(b) = -20*b - 20. Let s be k(-7). What is the hundreds digit of (s/32)/((-2)/448*-6)?
1
Let g(m) be the second derivative of m**4/6 + m**3 - m**2 - 10*m. What is the tens digit of g(-7)?
5
Suppose -3*b + 7*b + z = -7, 4*z = 20. Let d(f) = -f**2 + 6*f + 2. Let p(h) = h. Let j(o) = -2*d(o) + 10*p(o). What is the tens digit of j(b)?
2
Let h be (((-39)/3)/(-1))/(-1). Let w = h - -9. What is the units digit of 4/32*-6*w?
3
Let t(b) = 596*b**2 - 23*b + 23. What is the tens digit of t(1)?
9
Let g be 6/(-12)*3*-8. What is the units digit of 4 - (-1)/(2*(-2)/g)?
1
What is the tens digit of -4*2*14782/(-304)?
8
What is the tens digit of (3 - 5)/((-3)/((-2265)/(-10)))?
5
Let b = -6823 - -11664. What is the thousands digit of b?
4
Let a(c) = -c**2 - 37*c + 24. What is the units digit of a(-14)?
6
Let d(c) = 71*c**3 + 8*c**2 - 9*c + 14. What is the tens digit of d(3)?
7
Let q = 72 + -73. Let m = 282 + -447. What is the tens digit of m/(-11)*(1 - q)?
3
Suppose 2*p + 3*p = 315. Let y = p - 53. What is the units digit of y?
0
Let g(w) = -2*w - 1. Let l be g(-7). Let s be l - (6 + 3 + -6). What is the tens digit of ((-20)/3)/(s/(-15))?
1
Suppose -7*i = -2*i + 30. Let b be (10/3)/(i/(-9)). Suppose b*s - 2*z - 93 = 2*z, s - 18 = z. What is the units digit of s?
1
Let w = -520 - -945. Suppose 0 = -t + 6*t - w. What is the tens digit of t?
8
Let w(k) = -k. Let f(x) = 3*x**2 - 17*x + 3. Let i(t) = t**2 - 6*t + 1. Let n(p) = 2*f(p) - 7*i(p). Let c(l) = -n(l) + 5*w(l). What is the units digit of c(13)?
1
Suppose 32902 = 45*f - 33608. What is the tens digit of f?
7
Suppose -2250 = -15*l + 2145. What is the units digit of l?
3
Suppose -4*u - 166 = -5*i, 6*u = 11*u + 20. Let f(r) = 3*r**2 + 3*r - 4. Let n be f(4). Let b = n - i. What is the tens digit of b?
2
Let c = 79 + 326. What is the units digit of c?
5
Suppose -6143 = -8*w + 5393. What is the thousands digit of w?
1
What is the units digit of 1666/5*30/12?
3
Let w be 1 + 3 - (1 + 0). Suppose -w*y + 385 = 2*y. Let j = y + -44. What is the tens digit of j?
3
Let i(s) = -3 - 8 + 8*s - s**2 - 1. Let x be i(5). Suppose x*n - 108 = -n. What is the tens digit of n?
2
Let c(g) = 32*g - 16. Let w be c(4). Suppose d = -4*z + w, z + 468 = 4*d - 3*z. What is the hundreds digit of d?
1
Let o(i) = 306*i**2 + 8*i - 35. What is the hundreds digit of o(3)?
7
Let v(y) be the second derivative of 3/2*y**2 + 2/3*y**3 + 1/3*y**4 - 8*y + 0. What is the tens digit of v(-2)?
1
Suppose -42 = -3*y + 258. Suppose -4*j - j + y = 0. Suppose 2*k - 2*o - j = 0, -5*o = -k - 0*k + 10. What is the tens digit of k?
1
What is the tens digit of (0/(-4) + -3 + 2)*-62?
6
Let a = 8 - 8. Suppose 2*v = -q + 3*q + 24, 5*v + 2*q - 95 = a. What is the units digit of v?
7
Let c = 7 - -1. Suppose 3*h + 85 = c*h. What is the units digit of h?
7
Let g = -183 - -409. What is the hundreds digit of 0/(-1) + (g - 5)?
2
Let j(v) be the first derivative of -v**4/4 - 2*v**3 - 7*v**2/2 - 6*v + 3. What is the units digit of j(-7)?
2
Suppose -212 = -n + 45. What is the tens digit of n?
5
Let z(u) = u**3 - 4*u**2 - 3*u + 414. What is the hundreds digit of z(0)?
4
Suppose -3*x + 42 - 12 = 0. Suppose -31 = -u + x. Let r = 73 - u. What is the tens digit of r?
3
What is the thousands digit of (4 + -9 + 22)/(4/252)?
1
Let v = 57 - -262. Suppose -19 + v = 3*o - l, -4*o - 4*l + 400 = 0. What is the hundreds digit of o?
1
Let p = 2935 - 948. What is the units digit of p?
7
Let k = -7 - -23. What is the units digit of 1220